s the highest common divisor of 16 and 496?
16
Calculate the greatest common factor of 36 and 12.
12
Calculate the greatest common divisor of 65 and 351.
13
Calculate the highest common divisor of 29 and 4031.
29
Calculate the highest common divisor of 60 and 192.
12
What is the greatest common factor of 232 and 1600?
8
What is the greatest common factor of 13 and 2002?
13
Calculate the highest common divisor of 58 and 986.
58
What is the greatest common factor of 256 and 424?
8
Calculate the greatest common factor of 1176 and 2184.
168
What is the highest common factor of 684 and 380?
76
What is the greatest common factor of 158 and 7979?
79
What is the highest common divisor of 40748 and 244?
244
Calculate the highest common factor of 60 and 90.
30
What is the greatest common divisor of 1494 and 4233?
249
Calculate the highest common divisor of 12 and 948.
12
Calculate the greatest common divisor of 220 and 28820.
220
What is the greatest common divisor of 30 and 1120?
10
What is the greatest common divisor of 55 and 561?
11
Calculate the greatest common factor of 76 and 133.
19
Calculate the greatest common divisor of 2128 and 931.
133
What is the highest common divisor of 84 and 1428?
84
What is the highest common factor of 1026 and 60?
6
What is the greatest common divisor of 7 and 14?
7
Calculate the greatest common factor of 792 and 1683.
99
What is the greatest common divisor of 2320 and 2030?
290
What is the greatest common divisor of 1058 and 1?
1
What is the highest common divisor of 9882 and 2928?
366
What is the greatest common divisor of 1372 and 518?
14
What is the greatest common divisor of 216 and 348?
12
Calculate the greatest common divisor of 7 and 679.
7
Calculate the greatest common factor of 244 and 183.
61
What is the greatest common factor of 533 and 559?
13
What is the greatest common factor of 72 and 624?
24
What is the greatest common factor of 20 and 8396?
4
What is the highest common factor of 529 and 644?
23
Calculate the highest common divisor of 318 and 306.
6
Calculate the greatest common divisor of 277 and 51245.
277
Calculate the highest common divisor of 131 and 58688.
131
What is the highest common factor of 236 and 4?
4
Calculate the greatest common divisor of 685 and 10.
5
Calculate the highest common factor of 168 and 148.
4
Calculate the greatest common divisor of 61 and 64.
1
What is the highest common divisor of 12 and 80?
4
What is the highest common divisor of 10 and 270?
10
What is the highest common divisor of 648 and 12?
12
What is the greatest common divisor of 3258 and 54?
18
What is the highest common factor of 16 and 18?
2
What is the highest common divisor of 4558 and 371?
53
What is the highest common factor of 87 and 45?
3
What is the highest common divisor of 44 and 68?
4
What is the greatest common divisor of 1 and 13?
1
What is the highest common factor of 4356 and 11?
11
Calculate the greatest common divisor of 679 and 97.
97
Calculate the greatest common divisor of 495 and 270.
45
What is the highest common factor of 70 and 875?
35
Calculate the greatest common factor of 496 and 144.
16
Calculate the greatest common divisor of 8 and 6152.
8
What is the highest common divisor of 9 and 25587?
9
Calculate the highest common factor of 10 and 6.
2
What is the highest common factor of 66 and 78?
6
What is the greatest common divisor of 112 and 42?
14
What is the highest common factor of 75 and 2865?
15
Calculate the highest common divisor of 14 and 2177.
7
What is the greatest common divisor of 325 and 75?
25
Calculate the highest common divisor of 50 and 10.
10
What is the highest common divisor of 24 and 708?
12
What is the highest common divisor of 376 and 16826?
94
Calculate the highest common factor of 10036 and 182.
26
What is the greatest common factor of 1612 and 248?
124
Calculate the greatest common divisor of 943 and 46.
23
Calculate the greatest common factor of 406 and 174.
58
What is the greatest common factor of 7002 and 18?
18
Calculate the greatest common divisor of 51013 and 139.
139
What is the highest common factor of 710 and 20?
10
Calculate the highest common factor of 3516 and 12.
12
Calculate the highest common factor of 1008 and 16.
16
Calculate the greatest common factor of 52 and 16.
4
Calculate the greatest common divisor of 592 and 7178.
74
What is the highest common divisor of 8143 and 17?
17
Calculate the greatest common divisor of 41 and 246.
41
What is the highest common divisor of 35724 and 229?
229
What is the highest common divisor of 368 and 1058?
46
What is the greatest common divisor of 598 and 621?
23
Calculate the greatest common factor of 6985 and 55.
55
What is the greatest common factor of 1220 and 60?
20
What is the greatest common factor of 60 and 5790?
30
Calculate the greatest common factor of 180 and 27.
9
What is the highest common factor of 1003 and 59?
59
Calculate the highest common factor of 58 and 174.
58
Calculate the highest common factor of 416 and 78.
26
Calculate the highest common factor of 80 and 16.
16
What is the greatest common divisor of 17 and 153?
17
Calculate the highest common divisor of 242 and 979.
11
Calculate the highest common divisor of 531 and 118.
59
What is the greatest common factor of 98 and 1764?
98
Calculate the highest common factor of 50 and 1275.
25
Calculate the greatest common divisor of 3838 and 19.
19
What is the greatest common factor of 128 and 3104?
32
What is the highest common divisor of 111 and 24?
3
Calculate the highest common divisor of 66 and 8349.
33
Calculate the greatest common divisor of 65 and 338.
13
What is the highest common divisor of 4 and 931?
1
What is the greatest common divisor of 891 and 33?
33
Calculate the greatest common factor of 693 and 396.
99
What is the greatest common factor of 299 and 39?
13
What is the greatest common factor of 68 and 306?
34
What is the greatest common factor of 13311 and 87?
87
Calculate the greatest common divisor of 10 and 406.
2
What is the greatest common divisor of 864 and 3552?
96
Calculate the highest common divisor of 166 and 29382.
166
Calculate the highest common divisor of 14 and 38.
2
Calculate the greatest common factor of 155 and 4805.
155
What is the greatest common factor of 20000 and 64?
32
What is the greatest common factor of 752 and 144?
16
What is the greatest common divisor of 162 and 20?
2
What is the greatest common divisor of 186 and 11346?
186
Calculate the greatest common divisor of 20 and 39980.
20
What is the greatest common factor of 320 and 13840?
80
What is the highest common factor of 4 and 9294?
2
Calculate the greatest common divisor of 494 and 1634.
38
Calculate the highest common factor of 264 and 72.
24
Calculate the greatest common divisor of 88 and 1672.
88
Calculate the highest common divisor of 21 and 903.
21
What is the highest common divisor of 529 and 23?
23
Calculate the greatest common factor of 338 and 611.
13
What is the highest common factor of 5708 and 4?
4
What is the greatest common divisor of 1280 and 1060?
20
Calculate the highest common divisor of 70 and 945.
35
What is the greatest common divisor of 1102 and 29?
29
What is the highest common factor of 1302 and 42?
42
Calculate the greatest common factor of 13 and 91.
13
What is the greatest common factor of 429 and 39?
39
Calculate the greatest common factor of 1551 and 705.
141
Calculate the greatest common divisor of 351 and 2925.
117
Calculate the greatest common factor of 68 and 19618.
34
Calculate the highest common divisor of 26 and 2054.
26
Calculate the greatest common factor of 2790 and 720.
90
What is the greatest common factor of 42 and 105?
21
Calculate the highest common factor of 215 and 129.
43
Calculate the highest common divisor of 17 and 3281.
17
What is the highest common divisor of 165 and 418?
11
Calculate the highest common factor of 81 and 5751.
81
What is the greatest common factor of 3472 and 84?
28
What is the greatest common factor of 429 and 156?
39
What is the greatest common factor of 65 and 455?
65
Calculate the greatest common factor of 325 and 175.
25
What is the greatest common factor of 118 and 3?
1
Calculate the highest common factor of 124 and 8.
4
Calculate the highest common factor of 1050 and 28.
